{"id":3039,"date":"2021-11-03T17:17:42","date_gmt":"2021-11-04T00:17:42","guid":{"rendered":"https:\/\/newsroom.sephora.com\/diversidad-equidad-e-inclusion\/"},"modified":"2022-07-18T11:41:54","modified_gmt":"2022-07-18T18:41:54","slug":"diversidad-equidad-e-inclusion","status":"publish","type":"page","link":"https:\/\/newsroom.sephora.com\/es\/diversidad-equidad-e-inclusion\/","title":{"rendered":"Diversidad, equidad e inclusi\u00f3n"},"content":{"rendered":"<div class=\"wpb-content-wrapper\">[vc_row css=\u00bb.vc_custom_1636068794320{background-color: #000000 !important;}\u00bb][vc_column][vc_row_inner css=\u00bb.vc_custom_1636068803070{margin-top: 30px !important;margin-right: 30px !important;margin-bottom: 30px !important;margin-left: 30px !important;}\u00bb][vc_column_inner][vc_empty_space height=\u00bb30px\u00bb][vc_column_text]\n<h2 style=\"text-align: center; color: #ffffff;\"> Actualizaciones del Estudio sobre Discriminaci\u00f3n Racial en Comercios Minoristas<\/h2>\n[\/vc_column_text][\/vc_column_inner][\/vc_row_inner][\/vc_column][\/vc_row][vc_row][vc_column][vc_empty_space height=\u00bb25px\u00bb][vc_text_separator title=\u00bbActualizado: julio de 2021&#8243; el_class=\u00bbsubtitle\u00bb][vc_empty_space height=\u00bb25px\u00bb][vc_column_text]\n<h2 style=\"text-align: center;\"> Diversidad, equidad e inclusi\u00f3n en Sephora<\/h2>\n<h4 style=\"text-align: center;\"> Informe de progreso de julio de 2021<\/h4>\n[\/vc_column_text][vc_row_inner][vc_column_inner width=\u00bb2\/3&#8243;][vc_column_text]\n<p> En junio de 2020, Sephora renov\u00f3 varios compromisos para aplicar valores arraigados a la marca. Nos comprometimos para que la experiencia en Sephora sea m\u00e1s inclusiva y equitativa para los integrantes de nuestro equipo, los clientes y la comunidad del \u00e1rea de belleza en general. Compartimos con orgullo una actualizaci\u00f3n sobre nuestro progreso durante el a\u00f1o pasado y el trabajo que a\u00fan est\u00e1 en curso y cuya finalidad es generar un entorno inclusivo para todos. <\/p>\n[\/vc_column_text][\/vc_column_inner][vc_column_inner width=\u00bb1\/3&#8243;][vc_column_text]\n<h5 style=\"text-align: center;\"> Ver informe de progreso<\/h5>\n[\/vc_column_text][vc_single_image image=\u00bb969&#8243; img_size=\u00bb150&#215;194&#8243; alignment=\u00bbcenter\u00bb onclick=\u00bbcustom_link\u00bb img_link_target=\u00bb_blank\u00bb link=\u00bbhttp:%2F%2F35.83.95.92%2Fwp-content%2Fuploads%2F2021%2F11%2FSephora_Fact_Sheet_June_2021_v510.pdf|\u00bb][\/vc_column_inner][\/vc_row_inner][vc_text_separator title=\u00bbActualizado: enero de 2021&#8243; el_class=\u00bbsubtitle\u00bb][vc_empty_space height=\u00bb25px\u00bb][vc_column_text]\n<h2 style=\"text-align: center;\"> Estudio sobre Discriminaci\u00f3n Racial en Comercios Minoristas<\/h2>\n<h4 style=\"text-align: center;\"> Encargado por Sephora<\/h4>\n[\/vc_column_text][vc_raw_html]PGNlbnRlcj48ZGl2IHN0eWxlPSJ3aWR0aDo4MCU7Ij48c3R5bGU+LmVtYmVkLWNvbnRhaW5lciB7IHBvc2l0aW9uOiByZWxhdGl2ZTsgcGFkZGluZy1ib3R0b206IDU2LjI1JTsgaGVpZ2h0OiAwOyBvdmVyZmxvdzogaGlkZGVuOyBtYXgtd2lkdGg6IDEwMCU7IH0gLmVtYmVkLWNvbnRhaW5lciBpZnJhbWUsIC5lbWJlZC1jb250YWluZXIgb2JqZWN0LCAuZW1iZWQtY29udGFpbmVyIGVtYmVkIHsgcG9zaXRpb246IGFic29sdXRlOyB0b3A6IDA7IGxlZnQ6IDA7IHdpZHRoOiAxMDAlOyBoZWlnaHQ6IDEwMCU7IH08L3N0eWxlPjxkaXYgY2xhc3M9J2VtYmVkLWNvbnRhaW5lcic+PGlmcmFtZSBzcmM9J2h0dHBzOi8vcGxheWVyLnZpbWVvLmNvbS92aWRlby80OTk5MzAxNzM\/dGV4dHRyYWNrPWVuJyBmcmFtZWJvcmRlcj0nMCcgd2Via2l0QWxsb3dGdWxsU2NyZWVuIG1vemFsbG93ZnVsbHNjcmVlbiBhbGxvd0Z1bGxTY3JlZW4+PC9pZnJhbWU+PC9kaXY+CjwvZGl2PjwvY2VudGVyPg==[\/vc_raw_html][vc_text_separator title=\u00bbDescargas\u00bb el_class=\u00bbsubtitle\u00bb][vc_empty_space height=\u00bb25px\u00bb][\/vc_column][\/vc_row][vc_row][vc_column width=\u00bb1\/3&#8243;]\t<a class=\"btn-block   style1  vc_custom_1652456012538\" href=\"https:\/\/newsroom.sephora.com\/wp-content\/uploads\/2022\/05\/RacialBias-Sephora_PressRelease.pdf\" target=\"_blank\" role=\"button\" title=\"Press Release - English\">\n\t\t<div class=\"cover-bg\"><\/div>\n\t\t<span>Press Release - English<\/span>\n\t<\/a>\n\t\t<a class=\"btn-block   style1  vc_custom_1652456083473\" href=\"https:\/\/newsroom.sephora.com\/wp-content\/uploads\/2022\/05\/RacialBiasinRetailStudyAnnouncementSPANISHFINAL.pdf\" target=\"_blank\" role=\"button\" title=\"Press Release - Spanish\">\n\t\t<div class=\"cover-bg\"><\/div>\n\t\t<span>Press Release - Spanish<\/span>\n\t<\/a>\n\t[\/vc_column][vc_column width=\u00bb1\/3&#8243;]\t<a class=\"btn-block   style1  vc_custom_1652456040892\" href=\"https:\/\/newsroom.sephora.com\/wp-content\/uploads\/2022\/05\/Sephora_RacialBias_eBook_FInal.pdf\" target=\"_blank\" role=\"button\" title=\"EBOOK\">\n\t\t<div class=\"cover-bg\"><\/div>\n\t\t<span>EBOOK<\/span>\n\t<\/a>\n\t[\/vc_column][vc_column width=\u00bb1\/3&#8243;]\t<a class=\"btn-block   style1  vc_custom_1652456062756\" href=\"https:\/\/newsroom.sephora.com\/wp-content\/uploads\/2022\/05\/Sephora_RacialBiasIG_FINAL-infographic.pdf\" target=\"_blank\" role=\"button\" title=\"Infographic\">\n\t\t<div class=\"cover-bg\"><\/div>\n\t\t<span>Infographic<\/span>\n\t<\/a>\n\t[\/vc_column][\/vc_row]\n<\/div>","protected":false},"excerpt":{"rendered":"<p>[vc_row css=\u00bb.vc_custom_1636068794320{background-color: #000000 !important;}\u00bb][vc_column][vc_row_inner css=\u00bb.vc_custom_1636068803070{margin-top: 30px !important;margin-right: 30px !important;margin-bottom: 30px !important;margin-left: 30px !important;}\u00bb][vc_column_inner][vc_empty_space height=\u00bb30px\u00bb][vc_column_text] Actualizaciones del Estudio sobre Discriminaci\u00f3n Racial en Comercios Minoristas [\/vc_column_text][\/vc_column_inner][\/vc_row_inner][\/vc_column][\/vc_row][vc_row][vc_column][vc_empty_space height=\u00bb25px\u00bb][vc_text_separator title=\u00bbActualizado: julio de 2021&#8243; el_class=\u00bbsubtitle\u00bb][vc_empty_space height=\u00bb25px\u00bb][vc_column_text] Diversidad, equidad e inclusi\u00f3n en Sephora Informe de progreso de julio de 2021 [\/vc_column_text][vc_row_inner][vc_column_inner width=\u00bb2\/3&#8243;][vc_column_text] En junio de 2020, Sephora renov\u00f3 varios compromisos para&hellip;<\/p>\n","protected":false},"author":1,"featured_media":0,"parent":0,"menu_order":0,"comment_status":"closed","ping_status":"closed","template":"page-default.php","meta":{"footnotes":"","_links_to":"","_links_to_target":""},"class_list":["post-3039","page","type-page","status-publish","hentry"],"_links":{"self":[{"href":"https:\/\/newsroom.sephora.com\/es\/wp-json\/wp\/v2\/pages\/3039","targetHints":{"allow":["GET"]}}],"collection":[{"href":"https:\/\/newsroom.sephora.com\/es\/wp-json\/wp\/v2\/pages"}],"about":[{"href":"https:\/\/newsroom.sephora.com\/es\/wp-json\/wp\/v2\/types\/page"}],"author":[{"embeddable":true,"href":"https:\/\/newsroom.sephora.com\/es\/wp-json\/wp\/v2\/users\/1"}],"replies":[{"embeddable":true,"href":"https:\/\/newsroom.sephora.com\/es\/wp-json\/wp\/v2\/comments?post=3039"}],"version-history":[{"count":0,"href":"https:\/\/newsroom.sephora.com\/es\/wp-json\/wp\/v2\/pages\/3039\/revisions"}],"wp:attachment":[{"href":"https:\/\/newsroom.sephora.com\/es\/wp-json\/wp\/v2\/media?parent=3039"}],"curies":[{"name":"wp","href":"https:\/\/api.w.org\/{rel}","templated":true}]}}

Diversidad, equidad e inclusión

<div class="wpb-content-wrapper">[vc_row css=».vc_custom_1636068794320{background-color: #000000 !important;}»][vc_column][vc_row_inner css=».vc_custom_1636068803070{margin-top: 30px !important;margin-right: 30px !important;margin-bottom: 30px !important;margin-left: 30px !important;}»][vc_column_inner][vc_empty_space height=»30px»][vc_column_text]
<h2 style="text-align: center; color: #ffffff;"> Actualizaciones del Estudio sobre Discriminación Racial en Comercios Minoristas</h2>
[/vc_column_text][/vc_column_inner][/vc_row_inner][/vc_column][/vc_row][vc_row][vc_column][vc_empty_space height=»25px»][vc_text_separator title=»Actualizado: julio de 2021&#8243; el_class=»subtitle»][vc_empty_space height=»25px»][vc_column_text]
<h2 style="text-align: center;"> Diversidad, equidad e inclusión en Sephora</h2>
<h4 style="text-align: center;"> Informe de progreso de julio de 2021</h4>
[/vc_column_text][vc_row_inner][vc_column_inner width=»2/3&#8243;][vc_column_text]
<p> En junio de 2020, Sephora renovó varios compromisos para aplicar valores arraigados a la marca. Nos comprometimos para que la experiencia en Sephora sea más inclusiva y equitativa para los integrantes de nuestro equipo, los clientes y la comunidad del área de belleza en general. Compartimos con orgullo una actualización sobre nuestro progreso durante el año pasado y el trabajo que aún está en curso y cuya finalidad es generar un entorno inclusivo para todos. </p>
[/vc_column_text][/vc_column_inner][vc_column_inner width=»1/3&#8243;][vc_column_text]
<h5 style="text-align: center;"> Ver informe de progreso</h5>
[/vc_column_text][vc_single_image image=»969&#8243; img_size=»150&#215;194&#8243; alignment=»center» onclick=»custom_link» img_link_target=»_blank» link=»http:%2F%2F35.83.95.92%2Fwp-content%2Fuploads%2F2021%2F11%2FSephora_Fact_Sheet_June_2021_v510.pdf|»][/vc_column_inner][/vc_row_inner][vc_text_separator title=»Actualizado: enero de 2021&#8243; el_class=»subtitle»][vc_empty_space height=»25px»][vc_column_text]
<h2 style="text-align: center;"> Estudio sobre Discriminación Racial en Comercios Minoristas</h2>
<h4 style="text-align: center;"> Encargado por Sephora</h4>
[/vc_column_text][vc_raw_html]PGNlbnRlcj48ZGl2IHN0eWxlPSJ3aWR0aDo4MCU7Ij48c3R5bGU+LmVtYmVkLWNvbnRhaW5lciB7IHBvc2l0aW9uOiByZWxhdGl2ZTsgcGFkZGluZy1ib3R0b206IDU2LjI1JTsgaGVpZ2h0OiAwOyBvdmVyZmxvdzogaGlkZGVuOyBtYXgtd2lkdGg6IDEwMCU7IH0gLmVtYmVkLWNvbnRhaW5lciBpZnJhbWUsIC5lbWJlZC1jb250YWluZXIgb2JqZWN0LCAuZW1iZWQtY29udGFpbmVyIGVtYmVkIHsgcG9zaXRpb246IGFic29sdXRlOyB0b3A6IDA7IGxlZnQ6IDA7IHdpZHRoOiAxMDAlOyBoZWlnaHQ6IDEwMCU7IH08L3N0eWxlPjxkaXYgY2xhc3M9J2VtYmVkLWNvbnRhaW5lcic+PGlmcmFtZSBzcmM9J2h0dHBzOi8vcGxheWVyLnZpbWVvLmNvbS92aWRlby80OTk5MzAxNzM/dGV4dHRyYWNrPWVuJyBmcmFtZWJvcmRlcj0nMCcgd2Via2l0QWxsb3dGdWxsU2NyZWVuIG1vemFsbG93ZnVsbHNjcmVlbiBhbGxvd0Z1bGxTY3JlZW4+PC9pZnJhbWU+PC9kaXY+CjwvZGl2PjwvY2VudGVyPg==[/vc_raw_html][vc_text_separator title=»Descargas» el_class=»subtitle»][vc_empty_space height=»25px»][/vc_column][/vc_row][vc_row][vc_column width=»1/3&#8243;]	<a class="btn-block   style1  vc_custom_1652456012538" href="https://newsroom.sephora.com/wp-content/uploads/2022/05/RacialBias-Sephora_PressRelease.pdf" target="_blank" role="button" title="Press Release - English">
		<div class="cover-bg"></div>
		<span>Press Release - English</span>
	</a>
		<a class="btn-block   style1  vc_custom_1652456083473" href="https://newsroom.sephora.com/wp-content/uploads/2022/05/RacialBiasinRetailStudyAnnouncementSPANISHFINAL.pdf" target="_blank" role="button" title="Press Release - Spanish">
		<div class="cover-bg"></div>
		<span>Press Release - Spanish</span>
	</a>
	[/vc_column][vc_column width=»1/3&#8243;]	<a class="btn-block   style1  vc_custom_1652456040892" href="https://newsroom.sephora.com/wp-content/uploads/2022/05/Sephora_RacialBias_eBook_FInal.pdf" target="_blank" role="button" title="EBOOK">
		<div class="cover-bg"></div>
		<span>EBOOK</span>
	</a>
	[/vc_column][vc_column width=»1/3&#8243;]	<a class="btn-block   style1  vc_custom_1652456062756" href="https://newsroom.sephora.com/wp-content/uploads/2022/05/Sephora_RacialBiasIG_FINAL-infographic.pdf" target="_blank" role="button" title="Infographic">
		<div class="cover-bg"></div>
		<span>Infographic</span>
	</a>
	[/vc_column][/vc_row]
</div>

<p>[vc_row css=».vc_custom_1636068794320{background-color: #000000 !important;}»][vc_column][vc_row_inner css=».vc_custom_1636068803070{margin-top: 30px !important;margin-right: 30px !important;margin-bottom: 30px !important;margin-left: 30px !important;}»][vc_column_inner][vc_empty_space height=»30px»][vc_column_text] Actualizaciones del Estudio sobre Discriminación Racial en Comercios Minoristas [/vc_column_text][/vc_column_inner][/vc_row_inner][/vc_column][/vc_row][vc_row][vc_column][vc_empty_space height=»25px»][vc_text_separator title=»Actualizado: julio de 2021&#8243; el_class=»subtitle»][vc_empty_space height=»25px»][vc_column_text] Diversidad, equidad e inclusión en Sephora Informe de progreso de julio de 2021 [/vc_column_text][vc_row_inner][vc_column_inner width=»2/3&#8243;][vc_column_text] En junio de 2020, Sephora renovó varios compromisos para&hellip;</p>
