{"id":4292,"date":"2023-07-19T19:53:08","date_gmt":"2023-07-20T02:53:08","guid":{"rendered":"https:\/\/newsroom.sephora.com\/estudio-sobre-discriminacion-racial-en-comercios-minoristas-3\/"},"modified":"2025-09-25T14:48:55","modified_gmt":"2025-09-25T21:48:55","slug":"estudio-sobre-discriminacion-racial-en-comercios-minoristas-3","status":"publish","type":"page","link":"https:\/\/newsroom.sephora.com\/es\/estudio-sobre-discriminacion-racial-en-comercios-minoristas-3\/","title":{"rendered":"Informe Anual de DE&#038;I y Estudio de Sesgo Racial en el Comercio Minorista"},"content":{"rendered":"<div class=\"wpb-content-wrapper\">[vc_row css=\u00bb.vc_custom_1636068794320{background-color: #000000 !important;}\u00bb][vc_column][vc_row_inner css=\u00bb.vc_custom_1636068803070{margin-top: 30px !important;margin-right: 30px !important;margin-bottom: 30px !important;margin-left: 30px !important;}\u00bb][vc_column_inner][vc_empty_space height=\u00bb30px\u00bb][vc_column_text css=\u00bb\u00bb]\n<h2 style=\"text-align: center; color: #ffffff;\">Estudio Sobre Discriminaci\u00f3n<br \/>\nen Comercios Minoristas<\/h2>\n[\/vc_column_text][\/vc_column_inner][\/vc_row_inner][\/vc_column][\/vc_row][vc_row][vc_column][vc_empty_space height=\u00bb25px\u00bb][vc_text_separator title=\u00bbUpdated: September 2025&#8243; css=\u00bb\u00bb el_class=\u00bbsubtitle\u00bb][vc_empty_space height=\u00bb25px\u00bb][vc_row_inner][vc_column_inner width=\u00bb1\/2&#8243; css=\u00bb.vc_custom_1638425359621{margin-right: 0px !important;}\u00bb][vc_empty_space height=\u00bb10px\u00bb][vc_empty_space height=\u00bb10px\u00bb][vc_empty_space height=\u00bb100px\u00bb el_class=\u00bbextraspace\u00bb][vc_single_image image=\u00bb5712&#8243; img_size=\u00bb400&#215;226&#8243; alignment=\u00bbcenter\u00bb onclick=\u00bbcustom_link\u00bb img_link_target=\u00bb_blank\u00bb css=\u00bb\u00bb link=\u00bbhttps:\/\/newsroomsephora.s3.us-east-2.amazonaws.com\/2025-Sephora-DEIHeartJourneyReport-release-080625_LR.pdf\u00bb el_class=\u00bbprogressreport\u00bb][vc_column_text css=\u00bb\u00bb]\n<h5 style=\"text-align: center;\"><a href=\"https:\/\/newsroomsephora.s3.us-east-2.amazonaws.com\/2025-Sephora-DEIHeartJourneyReport-release-080625_LR.pdf\" target=\"_blank\" rel=\"noopener\"> Ver Informe Anual de DE&amp;I (.PDF)<\/a><\/h5>\n[\/vc_column_text][\/vc_column_inner][vc_column_inner width=\u00bb1\/2&#8243;][vc_column_text css=\u00bb\u00bb]En Sephora, defendemos toda la belleza sin miedo y estamos comprometidos\u00a0con la creaci\u00f3n de entornos inclusivos para nuestros empleados, clientes y las comunidades a las que atendemos. Nuestro programa DE&amp;I Heart Journey encarna nuestro compromiso de larga data con la creaci\u00f3n de un mundo inspirador e inclusivo en el que todos puedan celebrar su belleza \u00fanica.\u00a0\u00a0Ser transparentes y compartir nuestro progreso en este trabajo es un reflejo de nuestras creencias fundamentales y esperamos que impacte a la comunidad de la cosm\u00e9tica en general.<\/p>\n<p>Durante los a\u00f1os, hemos integrado la inclusi\u00f3n en toda nuestra empresa para fomentar experiencias y entornos inclusivos. Para mantener y acelerar este progreso, hemos simplificado nuestra estrategia de DE&amp;I. Este informe refleja ese recorrido, destacando hitos importantes como triplicar el n\u00famero de marcas propiedad de personas negras en nuestras estanter\u00edas, aumentar nuestro gasto con proveedores poco representados en m\u00e1s de un 8\u00a0% y reunir a 86 importantes minoristas a trav\u00e9s de Mitigate Racial Bias in Retail Charter (Mitigar el sesgo racial en el \u00e1rea de comercio minorista), creada conjuntamente con la organizaci\u00f3n sin fines de lucro Open to All. Nuestro marco evolucionado de DE&amp;I, basado en seis iniciativas clave, se cre\u00f3 para promover un crecimiento inclusivo en toda nuestra empresa y en el sector en general.<\/p>\n<p>Te invitamos a conocer nuestros \u00faltimos avances en nuestro informe anual de DE&amp;I Heart Journey 2025, que ofrece una visi\u00f3n m\u00e1s detallada de nuestras iniciativas y su impacto. Nuestro trabajo para crear la comunidad de cosm\u00e9tica m\u00e1s acogedora e inclusiva del mundo es un esfuerzo continuo, y me emociona lo que hemos logrado juntos hasta ahora. Pensando en el futuro, seguimos entusiasmados por nuestra ambici\u00f3n de mejorar a\u00fan m\u00e1s nuestra posici\u00f3n como empleador, minorista y socio preferido.<\/p>\n<p>Atentamente,<br \/>\nGeorge-Axelle Broussillon Matschinga<br \/>\nVicepresidenta de Diversidad, Equidad e Inclusi\u00f3n, Sephora[\/vc_column_text][\/vc_column_inner][\/vc_row_inner][\/vc_column][\/vc_row][vc_row][vc_column][vc_empty_space height=\u00bb25&#8243;][vc_text_separator title=\u00bbPast Reports\u00bb el_class=\u00bbsubtitle\u00bb][vc_empty_space height=\u00bb25&#8243;][\/vc_column][\/vc_row][vc_row][vc_column width=\u00bb1\/4&#8243;]\t<a class=\"btn-block   style1  vc_custom_1758545762358\" href=\"https:\/\/newsroomsephora.s3.us-east-2.amazonaws.com\/2024-Sephora-DEIHeartJourneyReport-070324-compressed.pdf\" target=\"_blank\" role=\"button\" title=\"July 2024 Report\">\n\t\t<div class=\"cover-bg\"><\/div>\n\t\t<span>July 2024 Report<\/span>\n\t<\/a>\n\t[\/vc_column][vc_column width=\u00bb1\/4&#8243;]\t<a class=\"btn-block   style1  vc_custom_1743822836164\" href=\"https:\/\/newsroomsephora.s3.us-east-2.amazonaws.com\/2023-Sephora-DEIHeartJourneyReport-Spanish-Final_021324.pdf\" target=\"_blank\" role=\"button\" title=\"July 2023 Report\">\n\t\t<div class=\"cover-bg\"><\/div>\n\t\t<span>July 2023 Report<\/span>\n\t<\/a>\n\t[\/vc_column][vc_column width=\u00bb1\/4&#8243;]\t<a class=\"btn-block   style1  vc_custom_1689822956546\" href=\"https:\/\/newsroomsephora.s3.us-east-2.amazonaws.com\/External-Final-Sephora-DEI-Heart-Journey-Report-2022-compressed.pdf\" target=\"_blank\" role=\"button\" title=\"October 2022 Report\">\n\t\t<div class=\"cover-bg\"><\/div>\n\t\t<span>October 2022 Report<\/span>\n\t<\/a>\n\t[\/vc_column][vc_column width=\u00bb1\/4&#8243;]\t<a class=\"btn-block   style1  vc_custom_1689822934641\" href=\"https:\/\/newsroomsephora.s3.us-east-2.amazonaws.com\/Sephora_Fact_Sheet_June_2021_v510.pdf\" target=\"_blank\" role=\"button\" title=\"July 2021 Report\">\n\t\t<div class=\"cover-bg\"><\/div>\n\t\t<span>July 2021 Report<\/span>\n\t<\/a>\n\t[\/vc_column][\/vc_row][vc_row][vc_column][vc_empty_space height=\u00bb25px\u00bb][vc_text_separator title=\u00bbJanuary 2021&#8243; el_class=\u00bbsubtitle\u00bb][vc_empty_space height=\u00bb25px\u00bb][vc_column_text]\n<h2 style=\"text-align: center;\">Estudio sobre Discriminaci\u00f3n Racial en Comercios Minoristas<\/h2>\n<h4 style=\"text-align: center;\">Encargado por Sephora<\/h4>\n[\/vc_column_text][vc_raw_html]JTNDY2VudGVyJTNFJTNDZGl2JTIwc3R5bGUlM0QlMjJ3aWR0aCUzQTgwJTI1JTNCJTIyJTNFJTNDc3R5bGUlM0UuZW1iZWQtY29udGFpbmVyJTIwJTdCJTIwcG9zaXRpb24lM0ElMjByZWxhdGl2ZSUzQiUyMHBhZGRpbmctYm90dG9tJTNBJTIwNTYuMjUlMjUlM0IlMjBoZWlnaHQlM0ElMjAwJTNCJTIwb3ZlcmZsb3clM0ElMjBoaWRkZW4lM0IlMjBtYXgtd2lkdGglM0ElMjAxMDAlMjUlM0IlMjAlN0QlMjAuZW1iZWQtY29udGFpbmVyJTIwaWZyYW1lJTJDJTIwLmVtYmVkLWNvbnRhaW5lciUyMG9iamVjdCUyQyUyMC5lbWJlZC1jb250YWluZXIlMjBlbWJlZCUyMCU3QiUyMHBvc2l0aW9uJTNBJTIwYWJzb2x1dGUlM0IlMjB0b3AlM0ElMjAwJTNCJTIwbGVmdCUzQSUyMDAlM0IlMjB3aWR0aCUzQSUyMDEwMCUyNSUzQiUyMGhlaWdodCUzQSUyMDEwMCUyNSUzQiUyMCU3RCUzQyUyRnN0eWxlJTNFJTNDZGl2JTIwY2xhc3MlM0QlMjdlbWJlZC1jb250YWluZXIlMjclM0UlM0NpZnJhbWUlMjBzcmMlM0QlMjdodHRwcyUzQSUyRiUyRnBsYXllci52aW1lby5jb20lMkZ2aWRlbyUyRjQ5OTkzMDE3MyUzRnRleHR0cmFjayUzRGVuJTI3JTIwZnJhbWVib3JkZXIlM0QlMjcwJTI3JTIwd2Via2l0QWxsb3dGdWxsU2NyZWVuJTIwbW96YWxsb3dmdWxsc2NyZWVuJTIwYWxsb3dGdWxsU2NyZWVuJTNFJTNDJTJGaWZyYW1lJTNFJTNDJTJGZGl2JTNFJTBBJTNDJTJGZGl2JTNFJTNDJTJGY2VudGVyJTNF[\/vc_raw_html][\/vc_column][\/vc_row][vc_row][vc_column][vc_empty_space height=\u00bb25&#8243;][vc_text_separator title=\u00bbDownloads\u00bb el_class=\u00bbsubtitle\u00bb][vc_empty_space height=\u00bb25&#8243;][\/vc_column][\/vc_row][vc_row][vc_column width=\u00bb1\/3&#8243;]\t<a class=\"btn-block   style1  vc_custom_1675962941801\" href=\"http:\/\/newsroom.sephora.com\/wp-content\/uploads\/2023\/02\/RacialBias-Sephora_PressRelease.pdf\" target=\"_blank\" role=\"button\" title=\"Press Release - English\">\n\t\t<div class=\"cover-bg\"><\/div>\n\t\t<span>Press Release - English<\/span>\n\t<\/a>\n\t\t<a class=\"btn-block   style1  vc_custom_1675963016999\" href=\"http:\/\/newsroom.sephora.com\/wp-content\/uploads\/2023\/02\/RacialBiasinRetailStudyAnnouncementSPANISHFINAL.pdf\" target=\"_blank\" role=\"button\" title=\"Press Release - Spanish\">\n\t\t<div class=\"cover-bg\"><\/div>\n\t\t<span>Press Release - Spanish<\/span>\n\t<\/a>\n\t[\/vc_column][vc_column width=\u00bb1\/3&#8243;]\t<a class=\"btn-block   style1  vc_custom_1675962964902\" href=\"http:\/\/newsroom.sephora.com\/wp-content\/uploads\/2023\/02\/Sephora_RacialBias_eBook_FInal.pdf\" target=\"_blank\" role=\"button\" title=\"EBOOK\">\n\t\t<div class=\"cover-bg\"><\/div>\n\t\t<span>EBOOK<\/span>\n\t<\/a>\n\t[\/vc_column][vc_column width=\u00bb1\/3&#8243;]\t<a class=\"btn-block   style1  vc_custom_1675962993033\" href=\"http:\/\/newsroom.sephora.com\/wp-content\/uploads\/2023\/02\/Sephora_RacialBiasIG_FINAL-infographic.pdf\" target=\"_blank\" role=\"button\" title=\"Infographic\">\n\t\t<div class=\"cover-bg\"><\/div>\n\t\t<span>Infographic<\/span>\n\t<\/a>\n\t[\/vc_column][\/vc_row]\n<\/div>","protected":false},"excerpt":{"rendered":"<p>[vc_row css=\u00bb.vc_custom_1636068794320{background-color: #000000 !important;}\u00bb][vc_column][vc_row_inner css=\u00bb.vc_custom_1636068803070{margin-top: 30px !important;margin-right: 30px !important;margin-bottom: 30px !important;margin-left: 30px !important;}\u00bb][vc_column_inner][vc_empty_space height=\u00bb30px\u00bb][vc_column_text css=\u00bb\u00bb] Estudio Sobre Discriminaci\u00f3n en Comercios Minoristas [\/vc_column_text][\/vc_column_inner][\/vc_row_inner][\/vc_column][\/vc_row][vc_row][vc_column][vc_empty_space height=\u00bb25px\u00bb][vc_text_separator title=\u00bbUpdated: September 2025&#8243; css=\u00bb\u00bb el_class=\u00bbsubtitle\u00bb][vc_empty_space height=\u00bb25px\u00bb][vc_row_inner][vc_column_inner width=\u00bb1\/2&#8243; css=\u00bb.vc_custom_1638425359621{margin-right: 0px !important;}\u00bb][vc_empty_space height=\u00bb10px\u00bb][vc_empty_space height=\u00bb10px\u00bb][vc_empty_space height=\u00bb100px\u00bb el_class=\u00bbextraspace\u00bb][vc_single_image image=\u00bb5712&#8243; img_size=\u00bb400&#215;226&#8243; alignment=\u00bbcenter\u00bb onclick=\u00bbcustom_link\u00bb img_link_target=\u00bb_blank\u00bb css=\u00bb\u00bb link=\u00bbhttps:\/\/newsroomsephora.s3.us-east-2.amazonaws.com\/2025-Sephora-DEIHeartJourneyReport-release-080625_LR.pdf\u00bb el_class=\u00bbprogressreport\u00bb][vc_column_text css=\u00bb\u00bb] Ver Informe Anual de DE&amp;I (.PDF) [\/vc_column_text][\/vc_column_inner][vc_column_inner width=\u00bb1\/2&#8243;][vc_column_text css=\u00bb\u00bb]En&hellip;<\/p>\n","protected":false},"author":1,"featured_media":0,"parent":0,"menu_order":0,"comment_status":"closed","ping_status":"closed","template":"page-default.php","meta":{"footnotes":"","_links_to":"","_links_to_target":""},"class_list":["post-4292","page","type-page","status-publish","hentry"],"_links":{"self":[{"href":"https:\/\/newsroom.sephora.com\/es\/wp-json\/wp\/v2\/pages\/4292","targetHints":{"allow":["GET"]}}],"collection":[{"href":"https:\/\/newsroom.sephora.com\/es\/wp-json\/wp\/v2\/pages"}],"about":[{"href":"https:\/\/newsroom.sephora.com\/es\/wp-json\/wp\/v2\/types\/page"}],"author":[{"embeddable":true,"href":"https:\/\/newsroom.sephora.com\/es\/wp-json\/wp\/v2\/users\/1"}],"replies":[{"embeddable":true,"href":"https:\/\/newsroom.sephora.com\/es\/wp-json\/wp\/v2\/comments?post=4292"}],"version-history":[{"count":10,"href":"https:\/\/newsroom.sephora.com\/es\/wp-json\/wp\/v2\/pages\/4292\/revisions"}],"predecessor-version":[{"id":5796,"href":"https:\/\/newsroom.sephora.com\/es\/wp-json\/wp\/v2\/pages\/4292\/revisions\/5796"}],"wp:attachment":[{"href":"https:\/\/newsroom.sephora.com\/es\/wp-json\/wp\/v2\/media?parent=4292"}],"curies":[{"name":"wp","href":"https:\/\/api.w.org\/{rel}","templated":true}]}}

<div class="wpb-content-wrapper">[vc_row css=».vc_custom_1636068794320{background-color: #000000 !important;}»][vc_column][vc_row_inner css=».vc_custom_1636068803070{margin-top: 30px !important;margin-right: 30px !important;margin-bottom: 30px !important;margin-left: 30px !important;}»][vc_column_inner][vc_empty_space height=»30px»][vc_column_text css=»»]
<h2 style="text-align: center; color: #ffffff;">Estudio Sobre Discriminación<br />
en Comercios Minoristas</h2>
[/vc_column_text][/vc_column_inner][/vc_row_inner][/vc_column][/vc_row][vc_row][vc_column][vc_empty_space height=»25px»][vc_text_separator title=»Updated: September 2025&#8243; css=»» el_class=»subtitle»][vc_empty_space height=»25px»][vc_row_inner][vc_column_inner width=»1/2&#8243; css=».vc_custom_1638425359621{margin-right: 0px !important;}»][vc_empty_space height=»10px»][vc_empty_space height=»10px»][vc_empty_space height=»100px» el_class=»extraspace»][vc_single_image image=»5712&#8243; img_size=»400&#215;226&#8243; alignment=»center» onclick=»custom_link» img_link_target=»_blank» css=»» link=»https://newsroomsephora.s3.us-east-2.amazonaws.com/2025-Sephora-DEIHeartJourneyReport-release-080625_LR.pdf» el_class=»progressreport»][vc_column_text css=»»]
<h5 style="text-align: center;"><a href="https://newsroomsephora.s3.us-east-2.amazonaws.com/2025-Sephora-DEIHeartJourneyReport-release-080625_LR.pdf" target="_blank" rel="noopener"> Ver Informe Anual de DE&amp;I (.PDF)</a></h5>
[/vc_column_text][/vc_column_inner][vc_column_inner width=»1/2&#8243;][vc_column_text css=»»]En Sephora, defendemos toda la belleza sin miedo y estamos comprometidos con la creación de entornos inclusivos para nuestros empleados, clientes y las comunidades a las que atendemos. Nuestro programa DE&amp;I Heart Journey encarna nuestro compromiso de larga data con la creación de un mundo inspirador e inclusivo en el que todos puedan celebrar su belleza única.  Ser transparentes y compartir nuestro progreso en este trabajo es un reflejo de nuestras creencias fundamentales y esperamos que impacte a la comunidad de la cosmética en general.</p>
<p>Durante los años, hemos integrado la inclusión en toda nuestra empresa para fomentar experiencias y entornos inclusivos. Para mantener y acelerar este progreso, hemos simplificado nuestra estrategia de DE&amp;I. Este informe refleja ese recorrido, destacando hitos importantes como triplicar el número de marcas propiedad de personas negras en nuestras estanterías, aumentar nuestro gasto con proveedores poco representados en más de un 8 % y reunir a 86 importantes minoristas a través de Mitigate Racial Bias in Retail Charter (Mitigar el sesgo racial en el área de comercio minorista), creada conjuntamente con la organización sin fines de lucro Open to All. Nuestro marco evolucionado de DE&amp;I, basado en seis iniciativas clave, se creó para promover un crecimiento inclusivo en toda nuestra empresa y en el sector en general.</p>
<p>Te invitamos a conocer nuestros últimos avances en nuestro informe anual de DE&amp;I Heart Journey 2025, que ofrece una visión más detallada de nuestras iniciativas y su impacto. Nuestro trabajo para crear la comunidad de cosmética más acogedora e inclusiva del mundo es un esfuerzo continuo, y me emociona lo que hemos logrado juntos hasta ahora. Pensando en el futuro, seguimos entusiasmados por nuestra ambición de mejorar aún más nuestra posición como empleador, minorista y socio preferido.</p>
<p>Atentamente,<br />
George-Axelle Broussillon Matschinga<br />
Vicepresidenta de Diversidad, Equidad e Inclusión, Sephora[/vc_column_text][/vc_column_inner][/vc_row_inner][/vc_column][/vc_row][vc_row][vc_column][vc_empty_space height=»25&#8243;][vc_text_separator title=»Past Reports» el_class=»subtitle»][vc_empty_space height=»25&#8243;][/vc_column][/vc_row][vc_row][vc_column width=»1/4&#8243;]	<a class="btn-block   style1  vc_custom_1758545762358" href="https://newsroomsephora.s3.us-east-2.amazonaws.com/2024-Sephora-DEIHeartJourneyReport-070324-compressed.pdf" target="_blank" role="button" title="July 2024 Report">
		<div class="cover-bg"></div>
		<span>July 2024 Report</span>
	</a>
	[/vc_column][vc_column width=»1/4&#8243;]	<a class="btn-block   style1  vc_custom_1743822836164" href="https://newsroomsephora.s3.us-east-2.amazonaws.com/2023-Sephora-DEIHeartJourneyReport-Spanish-Final_021324.pdf" target="_blank" role="button" title="July 2023 Report">
		<div class="cover-bg"></div>
		<span>July 2023 Report</span>
	</a>
	[/vc_column][vc_column width=»1/4&#8243;]	<a class="btn-block   style1  vc_custom_1689822956546" href="https://newsroomsephora.s3.us-east-2.amazonaws.com/External-Final-Sephora-DEI-Heart-Journey-Report-2022-compressed.pdf" target="_blank" role="button" title="October 2022 Report">
		<div class="cover-bg"></div>
		<span>October 2022 Report</span>
	</a>
	[/vc_column][vc_column width=»1/4&#8243;]	<a class="btn-block   style1  vc_custom_1689822934641" href="https://newsroomsephora.s3.us-east-2.amazonaws.com/Sephora_Fact_Sheet_June_2021_v510.pdf" target="_blank" role="button" title="July 2021 Report">
		<div class="cover-bg"></div>
		<span>July 2021 Report</span>
	</a>
	[/vc_column][/vc_row][vc_row][vc_column][vc_empty_space height=»25px»][vc_text_separator title=»January 2021&#8243; el_class=»subtitle»][vc_empty_space height=»25px»][vc_column_text]
<h2 style="text-align: center;">Estudio sobre Discriminación Racial en Comercios Minoristas</h2>
<h4 style="text-align: center;">Encargado por Sephora</h4>
[/vc_column_text][vc_raw_html]JTNDY2VudGVyJTNFJTNDZGl2JTIwc3R5bGUlM0QlMjJ3aWR0aCUzQTgwJTI1JTNCJTIyJTNFJTNDc3R5bGUlM0UuZW1iZWQtY29udGFpbmVyJTIwJTdCJTIwcG9zaXRpb24lM0ElMjByZWxhdGl2ZSUzQiUyMHBhZGRpbmctYm90dG9tJTNBJTIwNTYuMjUlMjUlM0IlMjBoZWlnaHQlM0ElMjAwJTNCJTIwb3ZlcmZsb3clM0ElMjBoaWRkZW4lM0IlMjBtYXgtd2lkdGglM0ElMjAxMDAlMjUlM0IlMjAlN0QlMjAuZW1iZWQtY29udGFpbmVyJTIwaWZyYW1lJTJDJTIwLmVtYmVkLWNvbnRhaW5lciUyMG9iamVjdCUyQyUyMC5lbWJlZC1jb250YWluZXIlMjBlbWJlZCUyMCU3QiUyMHBvc2l0aW9uJTNBJTIwYWJzb2x1dGUlM0IlMjB0b3AlM0ElMjAwJTNCJTIwbGVmdCUzQSUyMDAlM0IlMjB3aWR0aCUzQSUyMDEwMCUyNSUzQiUyMGhlaWdodCUzQSUyMDEwMCUyNSUzQiUyMCU3RCUzQyUyRnN0eWxlJTNFJTNDZGl2JTIwY2xhc3MlM0QlMjdlbWJlZC1jb250YWluZXIlMjclM0UlM0NpZnJhbWUlMjBzcmMlM0QlMjdodHRwcyUzQSUyRiUyRnBsYXllci52aW1lby5jb20lMkZ2aWRlbyUyRjQ5OTkzMDE3MyUzRnRleHR0cmFjayUzRGVuJTI3JTIwZnJhbWVib3JkZXIlM0QlMjcwJTI3JTIwd2Via2l0QWxsb3dGdWxsU2NyZWVuJTIwbW96YWxsb3dmdWxsc2NyZWVuJTIwYWxsb3dGdWxsU2NyZWVuJTNFJTNDJTJGaWZyYW1lJTNFJTNDJTJGZGl2JTNFJTBBJTNDJTJGZGl2JTNFJTNDJTJGY2VudGVyJTNF[/vc_raw_html][/vc_column][/vc_row][vc_row][vc_column][vc_empty_space height=»25&#8243;][vc_text_separator title=»Downloads» el_class=»subtitle»][vc_empty_space height=»25&#8243;][/vc_column][/vc_row][vc_row][vc_column width=»1/3&#8243;]	<a class="btn-block   style1  vc_custom_1675962941801" href="http://newsroom.sephora.com/wp-content/uploads/2023/02/RacialBias-Sephora_PressRelease.pdf" target="_blank" role="button" title="Press Release - English">
		<div class="cover-bg"></div>
		<span>Press Release - English</span>
	</a>
		<a class="btn-block   style1  vc_custom_1675963016999" href="http://newsroom.sephora.com/wp-content/uploads/2023/02/RacialBiasinRetailStudyAnnouncementSPANISHFINAL.pdf" target="_blank" role="button" title="Press Release - Spanish">
		<div class="cover-bg"></div>
		<span>Press Release - Spanish</span>
	</a>
	[/vc_column][vc_column width=»1/3&#8243;]	<a class="btn-block   style1  vc_custom_1675962964902" href="http://newsroom.sephora.com/wp-content/uploads/2023/02/Sephora_RacialBias_eBook_FInal.pdf" target="_blank" role="button" title="EBOOK">
		<div class="cover-bg"></div>
		<span>EBOOK</span>
	</a>
	[/vc_column][vc_column width=»1/3&#8243;]	<a class="btn-block   style1  vc_custom_1675962993033" href="http://newsroom.sephora.com/wp-content/uploads/2023/02/Sephora_RacialBiasIG_FINAL-infographic.pdf" target="_blank" role="button" title="Infographic">
		<div class="cover-bg"></div>
		<span>Infographic</span>
	</a>
	[/vc_column][/vc_row]
</div>

<p>[vc_row css=».vc_custom_1636068794320{background-color: #000000 !important;}»][vc_column][vc_row_inner css=».vc_custom_1636068803070{margin-top: 30px !important;margin-right: 30px !important;margin-bottom: 30px !important;margin-left: 30px !important;}»][vc_column_inner][vc_empty_space height=»30px»][vc_column_text css=»»] Estudio Sobre Discriminación en Comercios Minoristas [/vc_column_text][/vc_column_inner][/vc_row_inner][/vc_column][/vc_row][vc_row][vc_column][vc_empty_space height=»25px»][vc_text_separator title=»Updated: September 2025&#8243; css=»» el_class=»subtitle»][vc_empty_space height=»25px»][vc_row_inner][vc_column_inner width=»1/2&#8243; css=».vc_custom_1638425359621{margin-right: 0px !important;}»][vc_empty_space height=»10px»][vc_empty_space height=»10px»][vc_empty_space height=»100px» el_class=»extraspace»][vc_single_image image=»5712&#8243; img_size=»400&#215;226&#8243; alignment=»center» onclick=»custom_link» img_link_target=»_blank» css=»» link=»https://newsroomsephora.s3.us-east-2.amazonaws.com/2025-Sephora-DEIHeartJourneyReport-release-080625_LR.pdf» el_class=»progressreport»][vc_column_text css=»»] Ver Informe Anual de DE&amp;I (.PDF) [/vc_column_text][/vc_column_inner][vc_column_inner width=»1/2&#8243;][vc_column_text css=»»]En&hellip;</p>
